divisor of 304 and 16?
16
Calculate the greatest common factor of 3832 and 32.
8
Calculate the highest common divisor of 24 and 2862.
6
Calculate the highest common divisor of 93 and 589.
31
Calculate the highest common factor of 43 and 21242.
43
Calculate the greatest common divisor of 630 and 126.
126
Calculate the greatest common factor of 24 and 1116.
12
Calculate the greatest common divisor of 4774 and 33.
11
What is the highest common divisor of 13096 and 8?
8
Calculate the highest common divisor of 28 and 448.
28
Calculate the highest common factor of 34 and 6851.
17
Calculate the highest common factor of 1275 and 30.
15
What is the highest common divisor of 46 and 3289?
23
What is the greatest common divisor of 224 and 8624?
112
Calculate the highest common factor of 213 and 54528.
213
What is the highest common factor of 1246 and 14?
14
Calculate the greatest common divisor of 95 and 10.
5
What is the highest common divisor of 24486 and 159?
159
Calculate the highest common divisor of 75 and 5125.
25
Calculate the greatest common factor of 272 and 4.
4
What is the highest common divisor of 56 and 1792?
56
Calculate the greatest common factor of 2738 and 111.
37
Calculate the greatest common factor of 406 and 8729.
203
What is the highest common factor of 327 and 10573?
109
Calculate the greatest common divisor of 13 and 91.
13
Calculate the highest common divisor of 40 and 29720.
40
What is the highest common factor of 280 and 16?
8
Calculate the greatest common divisor of 376 and 152.
8
Calculate the greatest common factor of 4320 and 50.
10
Calculate the highest common factor of 27 and 126.
9
What is the highest common factor of 750 and 3510?
30
Calculate the highest common divisor of 26 and 4368.
26
What is the greatest common factor of 112 and 1232?
112
Calculate the highest common factor of 15 and 930.
15
Calculate the highest common divisor of 24488 and 8.
8
Calculate the greatest common factor of 72 and 1062.
18
Calculate the greatest common factor of 16 and 1408.
16
What is the greatest common divisor of 1845 and 82?
41
What is the highest common factor of 78 and 3991?
13
What is the highest common divisor of 3 and 183?
3
What is the highest common divisor of 2655 and 45?
45
What is the greatest common factor of 39 and 403?
13
Calculate the highest common divisor of 2 and 1458.
2
Calculate the greatest common divisor of 675 and 54.
27
What is the highest common factor of 30 and 1490?
10
What is the greatest common factor of 1488 and 8?
8
Calculate the highest common factor of 2424 and 48.
24
Calculate the highest common factor of 131 and 917.
131
Calculate the greatest common divisor of 50 and 750.
50
Calculate the greatest common factor of 262 and 12.
2
Calculate the greatest common divisor of 26 and 86294.
26
What is the highest common factor of 1420 and 980?
20
Calculate the greatest common divisor of 1164 and 84.
12
Calculate the highest common factor of 217 and 7.
7
What is the highest common divisor of 189 and 945?
189
What is the highest common factor of 352 and 64?
32
What is the highest common divisor of 102114 and 183?
183
What is the highest common divisor of 112 and 252?
28
Calculate the highest common factor of 4588 and 148.
148
Calculate the highest common divisor of 2745 and 135.
45
Calculate the highest common factor of 152 and 4104.
152
Calculate the greatest common divisor of 6278 and 129.
43
Calculate the highest common divisor of 3784 and 220.
44
Calculate the highest common divisor of 59 and 3717.
59
What is the greatest common factor of 27 and 459?
27
What is the greatest common divisor of 283 and 5377?
283
Calculate the highest common divisor of 20 and 100.
20
What is the greatest common divisor of 4029 and 474?
237
What is the highest common divisor of 1048 and 3537?
131
What is the greatest common factor of 11 and 129?
1
Calculate the highest common factor of 34 and 1054.
34
What is the highest common factor of 2200 and 1375?
275
Calculate the highest common divisor of 96 and 276.
12
Calculate the greatest common factor of 558 and 682.
62
Calculate the greatest common factor of 84 and 96.
12
Calculate the greatest common factor of 217 and 6944.
217
What is the highest common factor of 84 and 33348?
84
Calculate the highest common factor of 2414 and 426.
142
What is the highest common divisor of 677 and 1?
1
What is the greatest common divisor of 12832 and 32?
32
What is the highest common divisor of 400 and 12?
4
What is the greatest common factor of 1245 and 45?
15
Calculate the highest common divisor of 275 and 605.
55
Calculate the highest common divisor of 112 and 308.
28
What is the highest common divisor of 45 and 1935?
45
Calculate the greatest common factor of 6340 and 15.
5
Calculate the highest common factor of 32 and 416.
32
Calculate the greatest common divisor of 11 and 99.
11
What is the greatest common divisor of 1280 and 10?
10
Calculate the greatest common divisor of 333 and 555.
111
Calculate the greatest common divisor of 459 and 612.
153
What is the greatest common factor of 26 and 74?
2
What is the greatest common divisor of 68 and 85?
17
What is the highest common factor of 65 and 20?
5
Calculate the highest common divisor of 184 and 1012.
92
Calculate the greatest common divisor of 5380 and 20.
20
Calculate the highest common divisor of 190 and 530.
10
What is the highest common divisor of 21802 and 44?
22
What is the greatest common factor of 53 and 33973?
53
What is the highest common divisor of 213 and 33?
3
Calculate the greatest common divisor of 72 and 2640.
24
Calculate the highest common factor of 30 and 1350.
30
Calculate the greatest common factor of 18898 and 44.
22
Calculate the greatest common divisor of 81 and 333.
9
What is the highest common factor of 164 and 2337?
41
Calculate the highest common factor of 308 and 55.
11
What is the greatest common factor of 14 and 2016?
14
What is the greatest common divisor of 22 and 29293?
11
What is the greatest common factor of 3969 and 49?
49
What is the greatest common divisor of 81 and 36?
9
Calculate the greatest common factor of 60 and 255.
15
Calculate the greatest common factor of 26 and 8138.
26
What is the greatest common divisor of 92 and 828?
92
What is the greatest common factor of 202 and 2?
2
Calculate the highest common factor of 20 and 205.
5
Calculate the highest common divisor of 8 and 1152.
8
What is the highest common divisor of 1935 and 540?
45
Calculate the greatest common factor of 2 and 559.
1
What is the highest common divisor of 54 and 4?
2
Calculate the greatest common factor of 1428 and 70.
14
Calculate the highest common divisor of 43 and 3139.
43
What is the highest common divisor of 6 and 411?
3
What is the highest common factor of 48 and 36?
12
What is the greatest common divisor of 36 and 900?
36
Calculate the highest common factor of 15 and 1605.
15
What is the greatest common divisor of 105 and 180?
15
What is the highest common divisor of 3024 and 72?
72
Calculate the greatest common divisor of 87 and 3161.
29
Calculate the greatest common factor of 19 and 589.
19
Calculate the highest common factor of 856 and 8.
8
Calculate the greatest common divisor of 15 and 375.
15
Calculate the highest common factor of 78 and 884.
26
Calculate the highest common factor of 492 and 12.
12
What is the highest common factor of 1024 and 832?
64
Calculate the highest common factor of 225 and 180.
45
What is the greatest common factor of 296 and 222?
74
Calculate the highest common factor of 272 and 102.
34
What is the greatest common divisor of 343 and 7?
7
What is the greatest common divisor of 21071 and 38?
19
What is the highest common factor of 9254 and 56?
14
Calculate the greatest common factor of 109164 and 132.
132
Calculate the highest common factor of 2888 and 8.
8
Calculate the highest common divisor of 93 and 3.
3
Calculate the greatest common divisor of 17 and 68.
17
Calculate the greatest common factor of 115 and 7475.
115
Calculate the highest common factor of 296 and 248.
8
What is the highest common factor of 230 and 4669?
23
Calculate the greatest common divisor of 37 and 1073.
37
What is the greatest common divisor of 115 and 120?
5
What is the highest common divisor of 33514 and 52?